0 = -43*t. Let x be (-4 - 1)*(t + -7 + 3). Let q(y) = 3*y - 4. What is q(x)?
-19
Let z(c) = 5 - 2*c - 3*c + 6*c. Let s be (-2212)/(-182) - (-2)/(-13). Suppose i + 3 = x, -5*i + 2*i + s = 4*x. What is z(i)?
5
Let v(f) = -33*f - 6. Let y be v(-1). Let l be (-18)/y*(-3 - -9). Let c(z) = 5*z + 1. What is c(l)?
-19
Let f(v) be the third derivative of -v**5/60 - v**4/12 - 3*v**3 + 1507*v**2. What is f(-3)?
-21
Let p(k) = -k**2 + k + 6. Suppose 3*s = 6*f - 21, 0 = 5*f - 2*s - 18 + 1. Calculate p(f).
0
Let u = -392 + 362. Let f be (u/120)/(2/(-16)). Let x(m) = -8*m - 2. Give x(f).
-18
Let f be (2/(-3)*(-108)/(-21))/(6/21). Let k(x) = -x**3 - 12*x**2 + x + 37. What is k(f)?
25
Let v(i) = -i - 7. Let u(g) = -2*g - 14. Let l(m) = -3*u(m) + 7*v(m). Let h = 6 + -3. Let j be h + -4 + (0 - 2). What is l(j)?
-4
Let d(m) be the first derivative of -3*m**2 - 17 + 2*m + 1/3*m**3. Calculate d(6).
2
Let l(h) = -2*h + 58. Suppose -54 = 3*s + 2*d, -31*s - 5*d = -29*s + 36. What is l(s)?
94
Let i(j) = -3*j**2 - 3*j. Let t(q) = q**3 + 12*q**2 + 12*q - 16. Let s(p) = -p**2 + p + 1. Let h(b) = -2*s(b) - t(b). Let z be h(-8). Give i(z).
-6
Let h(t) be the second derivative of -t**3/6 + t**2/2 + 3*t + 107. Give h(-6).
7
Let y(p) = 2*p + 18. Suppose 5*o + 21 = z, -13 = -4*o - z - 28. Let g be (-2 - o) + -10 + -5. Give y(g).
-8
Let x(u) be the second derivative of -u**6/18 - u**4/24 + 5*u**3/3 + 93*u. Let z(v) be the second derivative of x(v). What is z(1)?
-21
Let o(v) = 1. Let i(k) = -k**2 + k - 1. Let d(w) = i(w) + 6*o(w). Let t = -3871 - -3868. Give d(t).
-7
Let f(j) = -j**3 + 128*j**2 + 246*j + 1788. Let m be f(130). Let z(l) = 9*l + 279. Calculate z(m).
-9
Let d(n) = -4*n**2 - 36*n + 10. Let y be d(-9). Let v be 4/(-3)*-3 + y/2. Let x(i) = -i**2 + 12*i - 4. Give x(v).
23
Let h(g) = -7*g + 11*g - 33 + g**2 + 45. Determine h(-2).
8
Let g = 7513 + -7511. Let q(t) = 4*t**3 + 2*t**2 + 2*t - 5. Determine q(g).
39
Let j = 1788 - 1785. Let b(c) = 2*c**2 - c + 2. What is b(j)?
17
Let c(b) = 3*b**3 - 8*b**2 + 52*b - 197. Let n(t) = 4*t**3 - 10*t**2 + 53*t - 198. Let d(a) = -3*c(a) + 2*n(a). Calculate d(4).
-5
Let x(f) = -2*f**2 + 2*f + 2*f + 6343381 - 6343387. Determine x(-5).
-76
Let w(o) = -o - 1. Let h be w(7). Let i(g) be the first derivative of 3*g**3 - 8*g + 1/4*g**4 + 35 + 7/2*g**2. Determine i(h).
0
Let z = -158 - -188. Suppose 4*u - 2*x = z, 3*u + 8*x - 20 = 12*x. Let k(l) = l**2 - 12*l + 9. What is k(u)?
-23
Let h(u) be the second derivative of -u**4/12 + 4*u**3/3 + 9*u**2/2 + 138*u + 1. Determine h(-3).
-24
Suppose 2634*d - 2*h - 10 = 2630*d, 3*h = -d + 27. Let i(v) = v**3 - 6*v**2 - 3*v. Determine i(d).
-18
Suppose -52*o - 47 = 317. Let l(b) = 15*b - 18. What is l(o)?
-123
Let x(s) = s**2 + 10*s - 37. Let z(n) = -2*n**2 + 26*n - 74. Let f be z(3). Determine x(f).
19
Suppose 5*c + 12*d - 90 = 7*d, -3*d = 5*c - 96. Let i(q) = 20*q + c*q + q**2 - 59*q + 22*q + 2. Calculate i(-4).
2
Let t(z) = 4*z - 3. Suppose -6*n = -2*n. Suppose 5*q - h = h - 40, n = -h. Let u be (-3*1)/((q/(-8))/(-1)). What is t(u)?
9
Suppose 2 + 0 = -f. Let p(w) be the first derivative of 2*w + 132 - 1/2*w**2. Give p(f).
4
Suppose 2 = 11*i - 31. Suppose -3*r + 2*s - 7 = 0, 0 = -i*r - r - 4*s + 4. Let f(w) = 4*w**2 - 2*w - 1. What is f(r)?
5
Let k(v) = -3*v - 21. Let q be k(-9). Let p(x) = -2*x - 8 - q + 13 - 6. Give p(-5).
3
Suppose -2*n - 2*t - 26 = 0, -578*t = -2*n - 582*t - 40. Let v(y) be the second derivative of -y**4/12 - y**3 - 5*y**2/2 + y. Give v(n).
-5
Suppose -32*t - 16 - 176 = 0. Let v(b) = -9. Let k(j) = j**3 + 5*j**2 - j - 3. Let a be k(-5). Let d(w) = -w + 19. Let n(i) = a*d(i) + 5*v(i). Calculate n(t).
5
Let z(p) = -5*p**3 + 3*p**3 - 1 - 4*p**3 + 2*p. Suppose -21*o + 5*q - 19 = -19*o, 14 = 3*o + q. Let x = o + -2. What is z(x)?
-5
Let a(l) be the third derivative of 14*l**2 + 0*l + 0 + 3/8*l**4 - 1/60*l**5 - l**3. Suppose x = -3*g - 2*x + 33, -2*x + 10 = 0. What is a(g)?
12
Let t(r) = 2*r + 0*r**2 - 7 - 5*r + r**2. Let z be (-1)/6 - 0 - (-275)/66. Suppose 4*k = -4*n + 12, k - z = 4*n + 9. What is t(k)?
3
Suppose -5*s - 4*z - 64 = -2363, -4*s + 4*z = -1832. Let b = -459 + s. Let i(h) = -h**2 + 3. Determine i(b).
3
Let z(s) = 12*s + 168. Let a be (78/(-4))/(-1)*(-82)/123. Calculate z(a).
12
Suppose 2*c = 8, 3*c + 162 = -0*t + 3*t. Suppose -t*s = -56*s + 12. Let b = s - -3. Let u(h) = -h**2 - 4*h - 1. Calculate u(b).
2
Let f(b) be the second derivative of -7*b**5/20 + b**4/2 + 7*b**3/6 - 5*b**2 - 3342*b. Calculate f(2).
-28
Let u(j) = -j**3 + 23*j**2 - 24*j + 16. Let r = 2773 + -2751. What is u(r)?
-28
Let g(t) = -96*t**3 - 123*t**2 - 110*t - 203. Let i(l) = -37*l**3 - 49*l**2 - 44*l - 81. Let y(w) = 5*g(w) - 13*i(w). What is y(-21)?
17
Let t = 1065 - 689. Let u(o) = t + o**2 - 175 - 190 + 14*o. Give u(-13).
-2
Let n(z) = -z**3 - 4*z**2 + 12*z + 52. Let h be (24/(-48))/(55/(-200) + (-2)/(-5)). Give n(h).
4
Let m(l) = 3*l + 102. Let k(v) = 5*v + 158. Let o(c) = -5*k(c) + 8*m(c). Calculate o(28).
-2
Let u(f) = -42*f + 184. Let a be u(9). Let n = -182 - a. Let s(z) = z**3 - 12*z**2 + 6. Give s(n).
6
Let d(g) = -g**2 - 5*g - 3. Let q be 87 + (-6 - 3/(-1)). Suppose 10*i = 44 - q. Give d(i).
1
Let b = 1843 + -1846. Let a(y) = -13*y - 15. What is a(b)?
24
Suppose -23 = -4*y - 5*j, -4*y + 4*j = 9 - 5. Let h be 5/2*(y + (-10)/25). Let b(g) = g - 2. Determine b(h).
2
Let g(z) = -39*z - 8. Let a(s) = 127*s + 29. Let v(i) = 4*a(i) + 13*g(i). Give v(-4).
8
Suppose 0 = -5*z - 25, 0 = 2*r - 3*z - 2*z + 39. Let u(l) = -l**3 - 33*l**2 - 32*l - 2. What is u(r)?
-2
Suppose -37*v = -28*v - 27. Let a(t) = -2 + 3 + 2*t - 4*t + v*t. Calculate a(0).
1
Let y(x) = 41 - 11 + 40*x**2 + 38*x**2 + x - 75*x**2. What is y(0)?
30
Let s(g) = -34*g**2 - 13*g. Let j(f) = -12*f**2 - 5*f. Let z(k) = 11*j(k) - 4*s(k). Let v = -9 + 15. Let l = v + -4. Determine z(l).
10
Let k(f) = -f + 12. Let c(j) = 28*j - 35. Let g(p) = -114*p + 139. Let z(b) = 26*c(b) + 6*g(b). Let d be z(2). Give k(d).
0
Let o(w) = -61*w - 191. Let l(a) = -28*a - 89. Let p(z) = -9*l(z) + 4*o(z). Give p(-22).
-139
Let v(c) = c - 3. Let p be v(5). Let s(h) = h**2 - 3*h - 4. Let d(o) = 5*o**2 - 15*o - 21. Let n(a) = p*d(a) - 11*s(a). Let u = -25 - -23. What is n(u)?
-8
Let y(r) = 5*r - 61. Let z be y(-27). Let q = -206 - z. Let x(l) = l**3 + 11*l**2 + 10*l - 4. What is x(q)?
-4
Let r(j) = -11*j**2 - 38*j + 61. Let z(f) = -14*f**2 - 52*f + 62. Let s(l) = -5*r(l) + 4*z(l). Calculate s(-9).
24
Let b(h) = -38774 + 4*h**2 + 19431 + 15*h + 19397 + h**3. Determine b(-4).
-6
Suppose 5*f - 3*u + 16 = -12, 0 = 5*f - u + 26. Let j(b) = -12*b + 24*b + 0*b + 5 - 10*b + 0*b. Give j(f).
-5
Let t(r) = -154*r + 1093. Let d be t(7). Let b(n) = -2*n + 10. Calculate b(d).
-20
Let g(a) = a**3 - 19*a**2 + 18*a + 6. Let p(t) = 19*t**2 + 370*t - 371. Let n be p(1). What is g(n)?
6
Let b(z) = -9*z - 440. Let c(r) = -6*r - 292. Let m(q) = -5*b(q) + 8*c(q). Calculate m(-45).
-1
Let g(u) = 1 - 3 + 2*u - 4. Let f(d) = -603*d - 599. Let p be f(-1). Determine g(p).
2
Let c(h) = -55*h**2 - 2*h + 2. Let i(f) be the first derivative of 52*f**3/3 + f**2/2 - f + 266. Let v(l) = 2*c(l) + 3*i(l). Calculate v(1).
46
Suppose m + 1079 = -3*z - 801, 3*z + 1882 = m. Let j be 1 - z/15 - 3/(-15). Suppose -b = -44 + j. Let u(o) = -6*o. Give u(b).
-6
Let b(q) be the first derivative of -q**2/2 + 4*q + 1. Let u(v) = 7*v**2 - 119*v. Let a = 1945 + -1928. Let y be u(a). What is b(y)?
4
Let m(i) be the second derivative of i**3/6 - 21*i**2/2 + 11*i + 167. Give m(-11).
-32
Let h(g) be the third derivative of -g**5/30 + g**4/3 - 505*g**2 + 2. Calculate h(4).
0
Let i(g) = -3*g**2 + g + 1. Let y = 31 - -182. Suppose -11*z + y = -8*z. Let d = -72 + z. Give i(d).
-3
Let t be ((-14)/2)/((325/(-182))/25). Let n(d) = 8 - 98*d - t*d + 199*d. Calculate n(-9).
-19
Let t = 748 + -739. Let k(w) = w**3 - 8*w**2 - 9*w + 12. Calculate k(t).
12
Let u be (-3)/(-1*(0 + 1 + 0)). Let n(g) = 22*g - 67. Let o be n(u). Let c(r) = -5*r. What is c(o)?
5
Let j(g) = -g - 2. Suppose 13*m - 22 = 30. Suppose m*d - 20 = 9*d. Give j(d).
2
Let v(k) be the third derivative of -k**5/20 - k**4/24 + k**3/3 + k**2. Suppose -235 + 199 = -3*a - 5*x, 0 = a + 5*x - 32. Give v(a).
-12
Suppose 17 = 4*m - 5*c - 0, 15 = -3*c. Let z(w) = -5*w**2 + w**